me number?
False
Is 519347639 a prime number?
False
Is 31052067671 a composite number?
False
Is 5685604261 a prime number?
True
Is 935650257 prime?
False
Is 38156921763 composite?
True
Is 443402733 composite?
True
Is 87134123 a composite number?
False
Is 6770187259 prime?
False
Is 1850582263 prime?
True
Is 78400406243 composite?
True
Is 61221474779 a composite number?
False
Is 3910055869 composite?
False
Is 12041975429 composite?
True
Is 371475051 composite?
True
Is 6906950917 composite?
False
Is 19889695097 a prime number?
False
Is 3510077629 a composite number?
True
Is 10722079727 a composite number?
False
Is 1139194997 a prime number?
True
Is 1079216779 composite?
True
Is 175765591 composite?
False
Is 857401513 prime?
False
Is 10187748569 prime?
True
Is 2961332641 a composite number?
False
Is 1029646897 composite?
False
Is 190289987 a composite number?
True
Is 425293751 a prime number?
False
Is 167709175313 a prime number?
True
Is 472526249 a composite number?
True
Is 15336099361 composite?
True
Is 201075811 a prime number?
True
Is 2271122521 composite?
True
Is 6496287613 composite?
False
Is 24414308717 a composite number?
True
Is 1566024101 a prime number?
True
Is 735177169 a composite number?
False
Is 170017943 prime?
True
Is 49271802493 composite?
True
Is 11995606297 a prime number?
True
Is 367651523585 a prime number?
False
Is 32612659811 a prime number?
False
Is 12562171745 a composite number?
True
Is 18632316811 a prime number?
True
Is 9447260657 a prime number?
False
Is 26249449 prime?
True
Is 23346868919 composite?
True
Is 49334996983 composite?
False
Is 556069741 a composite number?
True
Is 2663636537 composite?
True
Is 80153013497 composite?
False
Is 15612465449 prime?
False
Is 2074724891 prime?
True
Is 23341769747 prime?
True
Is 108241223339 a prime number?
True
Is 5432294059 composite?
False
Is 482384751461 composite?
False
Is 41732853 prime?
False
Is 346660921 composite?
False
Is 127742175273 composite?
True
Is 10298977729 a composite number?
True
Is 7087802093 prime?
True
Is 990089119 prime?
False
Is 34655421919 a composite number?
True
Is 380894257 a composite number?
True
Is 802183279 prime?
True
Is 2719455037 composite?
True
Is 540996497 a composite number?
False
Is 7952613373 composite?
False
Is 56464533943 a composite number?
False
Is 25940114407 prime?
False
Is 16838521067 a composite number?
False
Is 3933876127 composite?
True
Is 17946948119 a prime number?
False
Is 2002941793 composite?
False
Is 1072381669 a composite number?
False
Is 23636515711 a composite number?
False
Is 19795418677 a prime number?
True
Is 23204343517 prime?
True
Is 1060967051 a composite number?
False
Is 34612197877 a composite number?
True
Is 3884407759 a prime number?
False
Is 2870300269 a prime number?
True
Is 79299383 a prime number?
True
Is 426188999 prime?
False
Is 10157763013 prime?
True
Is 1951149337 prime?
False
Is 4639904069 a prime number?
False
Is 33681443669 prime?
True
Is 511224107 prime?
False
Is 1933874387 composite?
True
Is 10802482477 prime?
False
Is 2017038227 composite?
True
Is 5237900149 composite?
False
Is 54087204473 prime?
True
Is 4669450895 a composite number?
True
Is 516581293 composite?
True
Is 96573769081 a composite number?
True
Is 881849851 a prime number?
False
Is 12485542493 a composite number?
False
Is 7994383 prime?
False
Is 72566855047 a composite number?
False
Is 8832624451 a composite number?
True
Is 6306681407 composite?
True
Is 4733414593 prime?
False
Is 304982010607 a prime number?
False
Is 943676737 a composite number?
False
Is 505728133 a composite number?
False
Is 36939734957 prime?
True
Is 7995069161 prime?
False
Is 2312868869 a composite number?
False
Is 616897549 a composite number?
True
Is 66334397785 composite?
True
Is 2897194129 a composite number?
False
Is 1755487199 prime?
True
Is 46846969937 prime?
False
Is 13299969379 a composite number?
False
Is 53242967411 prime?
True
Is 281398591 a prime number?
False
Is 603458101 composite?
True
Is 877429603 a composite number?
True
Is 358688405 a prime number?
False
Is 12260359627 prime?
False
Is 5172158083 prime?
True
Is 2009680577 a composite number?
True
Is 9000278621 composite?
False
Is 45902500511 a composite number?
True
Is 5394143549 a composite number?
False
Is 1075701047 a prime number?
True
Is 375427603 a composite number?
True
Is 12322767463 a composite number?
False
Is 25231319689 composite?
True
Is 263910554563 prime?
True
Is 43342459711 composite?
True
Is 7185336379 composite?
True
Is 587565109 a prime number?
True
Is 80242598131 a composite number?
True
Is 231184511 composite?
True
Is 624235207 a composite number?
False
Is 24642560837 a composite number?
True
Is 2426502823 composite?
False
Is 46016063381 composite?
False
Is 3689337653 composite?
True
Is 337255649 a composite number?
False
Is 1116196957 a composite number?
True
Is 19597097 a prime number?
False
Is 2059014899 composite?
False
Is 3012589093 a composite number?
True
Is 331069447 prime?
True
Is 47710212757 a composite number?
True
Is 16155024241 a composite number?
False
Is 59441974055 a composite number?
True
Is 4552514537 prime?
False
Is 652025753 composite?
False
Is 12508471037 composite?
False
Is 6406871741 a prime number?
False
Is 11711905 a prime number?
False
Is 60613812169 a prime number?
True
Is 16956472307 composite?
False
Is 350975275391 a prime number?
False
Is 876233711 composite?
False
Is 104069423 prime?
True
Is 1176286039 a composite number?
True
Is 35612378171 prime?
True
Is 1162164103 prime?
False
Is 30448533001 composite?
True
Is 3513524951 composite?
False
Is 2389506191 composite?
False
Is 4277295811 a composite number?
True
Is 248305573 a composite number?
True
Is 192838483 prime?
True
Is 961164313 a prime number?
False
Is 9547999409 composite?
True
Is 76886503 prime?
True
Is 20306079331 composite?
False
Is 146616599 a prime number?
False
Is 25853684743 a prime number?
True
Is 2577983179 prime?
True
Is 415247317 a composite number?
True
Is 24502462163 a composite number?
True
Is 50192673599 a composite number?
False
Is 93484031 a prime number?
False
Is 3153027327 composite?
True
Is 9024827 a composite number?
True
Is 30877645417 a prime number?
False
Is 21560005657 a composite number?
True
Is 6014878347 prime?
False
Is 2825519209 a prime number?
False
Is 162774631 a prime number?
False
Is 884136047 prime?
True
Is 11334870919 a prime number?
True
Is 131605445273 a composite number?
False
Is 3738438269 prime?
True
Is 33836902611 composite?
True
Is 43370169979 a prime number?
True
Is 17600702627 composite?
False
Is 52937947565 a prime number?
False
Is 18949651977 a prime number?
False
Is 8912602469 prime?
True
Is 16041400667 a composite number?
False
Is 1644290917 a composite number?
True
Is 86343595033 a prime number?
True
Is 922813511 composite?
True
Is 26193179411 prime?
False
Is 840360145 a prime number?
False
Is 14089211921 prime?
False
Is 803539591 composite?
True
Is 10243152911 a composite number?
False
Is 292176229637 a composite number?
True
Is 1118498767 a prime number?
False
Is 298126967 prime?
False
Is 57416683853 prime?
True
Is 33224987959 composite?
True
Is 6609011531 a composite number?
False
Is 1135675037 a prime number?
False
Is 968757337 prime?
False
Is 725772607 a prime number?
False
Is 922959137 prime?
True
Is 63360891739 a composite number?
False
Is 46976679201 a composite number?
True
Is 14528919833 prime?
False
Is 15878617 composite?
False
Is 1464309469 prime?
False
Is 28999435811 composite?
False
Is 3306156937 composite?
False
Is 15272146349 a prime number?
False
Is 638489041 a composite number?
False
Is 15362085677 a prime number?
True
Is 2653186813 prime?
True
Is 6409573763 prime?
False
Is 5725494151 a composite number?
True
Is 913125991 a prime number?
True
Is 820851013 a prime number?
True
Is 2555140823 prime?
True
Is 62570378987 prime?
True
Is 11461167131 prime?
False
Is 612977797 prime?
True
Is 10189043713 a prime number?
True
Is 1449921391 a prime number?
True
Is 18655938673 a prime number?
True
Is 133602349 a composite number?
True
Is 32351936437 composite?
False
Is 1354749121 a composite number?
True
Is 228011159 a composite number?
False
Is 26685404797 a prime number?
True
Is 1241672539 prime?
True
Is 41817221891 a prime num